he prime factors of i.
2, 23
Suppose i - 1 = -4*z, i - 5*z = 19 - 0. What are the prime factors of i?
3
Let y = -7 + 27. Suppose -y = -6*v + 2*v, -2*l = 3*v - 57. List the prime factors of l.
3, 7
Let j = -289 + 659. What are the prime factors of (-2)/9 - j/(-45)?
2
Suppose -2*c - c + 4*l + 356 = 0, 0 = -2*c + 3*l + 239. What are the prime factors of c?
2, 7
List the prime factors of (-9)/(-6)*-2 + 55.
2, 13
Let a be 0/(1 + 4/(-1)). Suppose 6*v - 58 - 170 = a. List the prime factors of v.
2, 19
Suppose k - 2*k = -o - 1, -16 = -2*o - 4*k. Suppose 3*b = -3*u, 4*u + 0*u = -20. Suppose c = -2*f + 4 + 4, b = 3*f - o*c. List the prime factors of f.
3
Suppose 409 - 1769 = -8*u. What are the prime factors of u?
2, 5, 17
Suppose 0 = -3*p, -4*r + 104 = -p - 3*p. Suppose 0 = -y - 4*b + 2*b + 16, 3*y - r = 5*b. Suppose 20 = 2*v - y. List the prime factors of v.
2
What are the prime factors of (-6 - -52) + (0 - 3)?
43
Let z = 11 - 6. Let w(m) = m**2 - 7*m + 3. Let h be w(z). Let g = h - -11. What are the prime factors of g?
2
Let y(l) = -l**2 + 13*l - 13. Let w = 25 - 15. What are the prime factors of y(w)?
17
Suppose 2*j = -j + 192. Suppose z + 5*t = 16, -2*z + t + j = z. What are the prime factors of z?
3, 7
Suppose 5*i - 186 = -2*a, 4*i - 2 = -3*a + 151. Suppose 0 = -2*k - 4*w + i, -k + 7 = -w - 14. What are the prime factors of k?
2, 5
Suppose 0 = f + 5*l - 99, l + 234 = 2*f + 2*l. List the prime factors of f.
7, 17
List the prime factors of (-2 + -6)/2 - -4 - -4.
2
Suppose 2*n - 239 = -4*k + 3*n, 4*n = 4*k - 248. Suppose 0 = -5*w + 21 + k. Suppose w = o - 3. List the prime factors of o.
19
Let t = -25 + 61. Suppose 4*w + 4 = t. Suppose p = 3*p - w. List the prime factors of p.
2
Suppose -i - 3*o - 10 = -3, 0 = 5*i - 5*o - 25. Suppose 3*d = -i*d. What are the prime factors of (d + -3)/(6/(-10))?
5
Let u be 4/10 + (-132)/(-20). Let o(s) = 4*s - 7. What are the prime factors of o(u)?
3, 7
What are the prime factors of (55 - -3 - -2) + 3?
3, 7
Let z = -5 - -8. Suppose -z*o + o + 24 = 0. List the prime factors of o.
2, 3
Let g = 7 + -2. Suppose i + 5*p + 24 = g*i, 10 = 2*i - 2*p. Let t = i + 4. List the prime factors of t.
5
Let b(o) = 3*o**3 - 38*o**2 + 32*o + 20. Let k(q) = -q**3 + 13*q**2 - 11*q - 7. Let c(n) = 2*b(n) + 7*k(n). List the prime factors of c(14).
5
Suppose -l + 70 = 4*l. Let z(w) = 7*w**2 + w - 1. Let n be z(1). Suppose n = -v + l. List the prime factors of v.
7
List the prime factors of (-8)/(-1)*5/20.
2
Let r(b) = b**2 + 2*b. Suppose 9*x + 1 = 8*x. Let j be r(x). What are the prime factors of 25 + (9/3)/j?
2, 11
Let m = -3 - -6. Let n be (-4 - -4)/(m + -1). Suppose -4*l + n*l - 1 = a, 4*l = -5*a + 27. What are the prime factors of a?
7
Let z = -3 + 4. Let i be (30/(-4) - z)*-2. Suppose -5*r + 47 = i. List the prime factors of r.
2, 3
Let g(s) = s**3 - 2*s + 3. List the prime factors of g(4).
59
List the prime factors of (5 - (-22)/(-4))/((-1)/54).
3
Let s(f) = 19*f**3 - f**2 - f + 1. Suppose 5 = q + 4*q. List the prime factors of s(q).
2, 3
Let x = -52 + 135. What are the prime factors of x?
83
Suppose b + m = 2 + 1, 0 = -4*b + 5*m - 33. Let k(i) = i**2 + 5*i + 4. Let u be k(-4). Let p = u - b. What are the prime factors of p?
2
Let s(m) = 5*m - 4. Let x = 8 + -4. What are the prime factors of s(x)?
2
Suppose 0 = -2*k + 109 - 33. List the prime factors of k.
2, 19
List the prime factors of (-1496)/(-16) + 1/2.
2, 47
Let l(o) = -2*o + 7 + 0*o**2 + o**2 - 6*o + o. Let p be l(5). Let r = 3 - p. What are the prime factors of r?
2, 3
List the prime factors of 27 - (-4)/(8/2).
2, 7
Let t(f) = -9*f - 1. Let r be t(1). List the prime factors of (-4)/r - (-172)/20.
3
Let s = -291 + 435. List the prime factors of s.
2, 3
Let x be -1*(-8 + 2) - 2. Let h(i) = i**3 + 7*i**2 + 3*i - 6. Let t be h(-6). Suppose 4*a - m - 22 = 0, -26 = -5*a - x*m + t. List the prime factors of a.
2, 3
Let w(p) be the first derivative of -p**4/4 - 4*p**3/3 + 4*p - 1. Let s be w(-3). Let m(f) = -f + 1. List the prime factors of m(s).
2, 3
Let y be (12/(-15))/(2/(-15)). Let c be (-4)/(-6) + 40/3. Let p = c - y. List the prime factors of p.
2
Suppose 5*a = q + 86, 2*q = -0*q - a - 205. Let i = -59 - q. List the prime factors of i.
2, 3, 7
Suppose 4*i - 6 = 6. Suppose -4*c - 3*d = -35, 5*d - 33 + 4 = -i*c. What are the prime factors of c?
2
Let x be (-56)/6*9/(-6). Suppose 2*u + 2*z = 8, x = 3*u - z - 18. List the prime factors of u.
3
Suppose 0 = -4*o + 5*o - 6. Let s be ((-3)/6 - -1)*0. Suppose s = -a + o. What are the prime factors of a?
2, 3
Suppose 4*c - 2*u = 98, 0*u - u + 71 = 3*c. What are the prime factors of c?
2, 3
Suppose 2 = r - 4. Let d(s) = s + 11. Let n be d(-6). Suppose 0 = y - 4*i - 27, r*i - 2*i = -y - n. What are the prime factors of y?
11
Let i = -11 - -17. Suppose -i = -2*d, -2*q + 4*d - 27 = -3*q. List the prime factors of q.
3, 5
List the prime factors of 2*(-9)/6 - -5.
2
Let g = -6 - -6. Let k(y) = y**2 + 5. List the prime factors of k(g).
5
List the prime factors of (156 - (-5)/5) + -4.
3, 17
Let t(y) = y + 1. Let d be t(5). Suppose d = -x + 8. What are the prime factors of x?
2
Let s be -2 - (-2 + 1 - 41). Suppose x = -x - 8, 2*x - s = -4*k. What are the prime factors of k?
2, 3
Suppose -3*i = -0*i + 36. Let l(b) = -b**2 - 13*b - 8. Let r be l(i). Suppose -3*m - 15 = 0, -1 = r*h + 3*m + 2. List the prime factors of h.
3
Suppose 0 = x + x - 40. Suppose 4*i - r - 68 = 2*r, 2*i + 2*r = x. What are the prime factors of i?
2, 7
Suppose 5*c - 69 = -14. Let r = c + 8. List the prime factors of r.
19
Let t = -7 + 11. Suppose -22 = -0*n - n. Suppose -t*l = -2*l - n. What are the prime factors of l?
11
Let o(r) = r**3 + 6*r**2 - 10*r. Let b be o(-7). Let t = b + -15. List the prime factors of t.
2, 3
Let h = -4 - -3. Let a be 26 - (h - (3 - 2)). Suppose 2*u + 6 = a. List the prime factors of u.
11
Let i(m) = m**3 + 4*m**2 - 9*m - 8. Let v be i(-5). What are the prime factors of ((-104)/10)/(v/(-60))?
2, 13
Suppose -10 = -t + 7. Let g = 40 - t. List the prime factors of g.
23
Let a(s) = -s + 5. Let j be a(8). Let m(n) = n**2 - 4*n - 2. Let i(w) = -w**2 - 1. Let y(z) = j*i(z) - m(z). What are the prime factors of y(-4)?
3, 7
Suppose 10 = 4*s - 2. List the prime factors of s - (-3)/(6/46).
2, 13
Suppose -8 = v + 3*v. Suppose -64 = -4*b - 2*c, 2*c - 3*c + 77 = 5*b. List the prime factors of b/(-10)*4*v.
2, 3
Let a = 745 + -445. List the prime factors of a.
2, 3, 5
Suppose 3*p - 7 = 8. Let g(q) = q**2 - 2*q - 4. What are the prime factors of g(p)?
11
Let m be ((-5)/2)/(4/(-8)). Suppose -c - 2*p = p - m, -5*c + 25 = 5*p. What are the prime factors of c?
5
Suppose m - 6*m + 1 = -2*f, 4*m = -3*f + 33. Suppose 0 = -2*d + 4, f*n = 2*n - 3*d + 51. What are the prime factors of n?
3
Let w(f) = f**2 - f - 7. Let m be w(-6). Suppose 0 = 5*r - 5*t - m, 5*r - r - 18 = -t. Suppose k + 0 = r. What are the prime factors of k?
5
Let n(y) = 12*y - 12. What are the prime factors of n(12)?
2, 3, 11
Let s(i) = -i**2 + 2. Let y be s(2). Let w(q) be the second derivative of -q**5/20 + q**3/3 - 2*q. What are the prime factors of w(y)?
2
Let i be (-10)/(-5) - 94/1. What are the prime factors of i/(-3) - 8/(-24)?
31
Suppose 0 = -j + 3*f - 6, 3*j + f = -0*f - 8. Let r(b) = b**3 + 4*b**2 + 2. What are the prime factors of r(j)?
11
Suppose 0*l = 3*l + 2*v - 2, -4*l + 2*v = -26. Suppose 120 = r + l*r. What are the prime factors of r?
2, 3
Let s(d) = d**2 - d - 1. Let z be s(0). Let v be z*3/((-3)/(-3)). Let p = 14 + v. What are the prime factors of p?
11
Let w(r) = r**2 + 34. Let n = 6 - 6. List the prime factors of w(n).
2, 17
Let s be (-9)/(-6)*20/6. Suppose 5 + 21 = q + s*x, -q + x = -14. What are the prime factors of q?
2
Let v = 2 + -1. Let w(z) = 3*z. What are the prime factors of w(v)?
3
Let t(y) = 3*y + 2. Let u(q) = -q - 5. Let f be u(-7). List the prime factors of t(f).
2
Suppose -8 = -p + 34. List the prime factors of p.
2, 3, 7
Suppose 5*k + 2*c = 0, -3*k + 0*c = -3*c. Suppose k = -0*h + 4*h - 60. List the prime factors of h.
3, 5
Suppose g - 3 = 0, -3*h = -4*g - 19 - 11. Suppose -3*s - s = -20, -2*n - 2*s = -h. List the prime factors of 10 + n + 1 + -6.
7
Let l be (1 - 0)/((-4)/(-56)). Suppose 5*k - l = -2*n + 2*k, -2*k + 11 = 3*n. Let p = 2 + n. What are the prime factors 